{"id":329,"date":"2023-01-25T10:11:21","date_gmt":"2023-01-25T09:11:21","guid":{"rendered":"https:\/\/zeirpkielce.pl\/?page_id=329"},"modified":"2024-03-05T13:20:22","modified_gmt":"2024-03-05T12:20:22","slug":"konskie","status":"publish","type":"page","link":"https:\/\/zeirpkielce.pl\/index.php\/kola-powiatowe\/konskie\/","title":{"rendered":"Ko\u0144skie"},"content":{"rendered":"\n<p class=\"has-x-large-font-size\"><strong>Zarz\u0105d Ko\u0142a nr 8 w Ko\u0144skich<\/strong><\/p>\n\n\n\n<hr class=\"wp-block-separator has-alpha-channel-opacity\"\/>\n\n\n\n<p class=\"has-text-align-center\"><strong>26-200 Ko\u0144skie, ul. Stra\u017cacka 14<\/strong><br><strong>e-mail<\/strong>: <a href=\"mailto:konskie@zeirpkielce.pl\">konskie@zeirpkielce.pl<\/a><\/p>\n\n\n\n<hr class=\"wp-block-separator has-alpha-channel-opacity\"\/>\n\n\n\n<div class=\"wp-block-media-text alignwide is-stacked-on-mobile\" style=\"grid-template-columns:24% auto\"><figure class=\"wp-block-media-text__media\"><img loading=\"lazy\" decoding=\"async\" width=\"878\" height=\"1024\" src=\"https:\/\/zeirpkielce.pl\/wp-content\/uploads\/2023\/01\/konskie-878x1024.png\" alt=\"\" class=\"wp-image-376 size-full\" srcset=\"https:\/\/zeirpkielce.pl\/wp-content\/uploads\/2023\/01\/konskie-878x1024.png 878w, https:\/\/zeirpkielce.pl\/wp-content\/uploads\/2023\/01\/konskie-257x300.png 257w, https:\/\/zeirpkielce.pl\/wp-content\/uploads\/2023\/01\/konskie-768x896.png 768w, https:\/\/zeirpkielce.pl\/wp-content\/uploads\/2023\/01\/konskie.png 1200w\" sizes=\"auto, (max-width: 878px) 100vw, 878px\" \/><\/figure><div class=\"wp-block-media-text__content\">\n<p><strong>Prezes \u2013 <\/strong>Jan Chrab\u0105szcz<br><strong>V-ce<\/strong> <strong>Prezes \u2013 <\/strong>Krzysztof Grzegorczyk<br><strong>Sekretarz \u2013 <\/strong>Kazimierz Kuleta<br><strong>Skarbnik \u2013 <\/strong>Tadeusz Nowakowski<br><strong>Przew. Komisji Rewiz. \u2013 <\/strong>Bogdan Cia\u015b<\/p>\n<\/div><\/div>\n\n\n\n<hr class=\"wp-block-separator has-alpha-channel-opacity\"\/>\n\n\n\n<p><strong>Przedstawiciel Ko\u0142a w Zarz\u0105dzie Oddzia\u0142u Wojew\u00f3dzkiego<\/strong> <strong>\u2013<\/strong> Jan Chrab\u0105szcz<\/p>\n","protected":false},"excerpt":{"rendered":"<p>Zarz\u0105d Ko\u0142a nr 8 w Ko\u0144skich 26-200 Ko\u0144skie, ul. Stra\u017cacka 14e-mail: konskie@zeirpkielce.pl Prezes \u2013 Jan Chrab\u0105szczV-ce Prezes \u2013 Krzysztof GrzegorczykSekretarz \u2013 Kazimierz KuletaSkarbnik \u2013 Tadeusz NowakowskiPrzew. Komisji Rewiz. \u2013 Bogdan Cia\u015b Przedstawiciel Ko\u0142a w Zarz\u0105dzie Oddzia\u0142u Wojew\u00f3dzkiego \u2013 Jan Chrab\u0105szcz<\/p>\n","protected":false},"author":1,"featured_media":0,"parent":102,"menu_order":6,"comment_status":"closed","ping_status":"closed","template":"","meta":{"footnotes":""},"class_list":["post-329","page","type-page","status-publish","hentry"],"yoast_head":"<!-- This site is optimized with the Yoast SEO plugin v21.7 - https:\/\/yoast.com\/wordpress\/plugins\/seo\/ -->\n<title>Ko\u0144skie - Zwi\u0105zek Emeryt\u00f3w i Rencist\u00f3w Po\u017carnictwa RP Oddzia\u0142 \u015awi\u0119tokrzyski<\/title>\n<meta name=\"description\" content=\"Zarz\u0105d Ko\u0142a nr 8 w Ko\u0144skich\" \/>\n<meta name=\"robots\" content=\"index, follow, max-snippet:-1, max-image-preview:large, max-video-preview:-1\" \/>\n<link rel=\"canonical\" href=\"https:\/\/zeirpkielce.pl\/index.php\/kola-powiatowe\/konskie\/\" \/>\n<meta property=\"og:locale\" content=\"pl_PL\" \/>\n<meta property=\"og:type\" content=\"article\" \/>\n<meta property=\"og:title\" content=\"Ko\u0144skie - Zwi\u0105zek Emeryt\u00f3w i Rencist\u00f3w Po\u017carnictwa RP Oddzia\u0142 \u015awi\u0119tokrzyski\" \/>\n<meta property=\"og:description\" content=\"Zarz\u0105d Ko\u0142a nr 8 w Ko\u0144skich\" \/>\n<meta property=\"og:url\" content=\"https:\/\/zeirpkielce.pl\/index.php\/kola-powiatowe\/konskie\/\" \/>\n<meta property=\"og:site_name\" content=\"Zwi\u0105zek Emeryt\u00f3w i Rencist\u00f3w Po\u017carnictwa RP Oddzia\u0142 \u015awi\u0119tokrzyski\" \/>\n<meta property=\"article:modified_time\" content=\"2024-03-05T12:20:22+00:00\" \/>\n<meta property=\"og:image\" content=\"https:\/\/zeirpkielce.pl\/wp-content\/uploads\/2023\/01\/konskie-878x1024.png\" \/>\n<meta name=\"twitter:card\" content=\"summary_large_image\" \/>\n<meta name=\"twitter:label1\" content=\"Szacowany czas czytania\" \/>\n\t<meta name=\"twitter:data1\" content=\"1 minuta\" \/>\n<script type=\"application\/ld+json\" class=\"yoast-schema-graph\">{\"@context\":\"https:\/\/schema.org\",\"@graph\":[{\"@type\":\"WebPage\",\"@id\":\"https:\/\/zeirpkielce.pl\/index.php\/kola-powiatowe\/konskie\/\",\"url\":\"https:\/\/zeirpkielce.pl\/index.php\/kola-powiatowe\/konskie\/\",\"name\":\"Ko\u0144skie - Zwi\u0105zek Emeryt\u00f3w i Rencist\u00f3w Po\u017carnictwa RP Oddzia\u0142 \u015awi\u0119tokrzyski\",\"isPartOf\":{\"@id\":\"https:\/\/zeirpkielce.pl\/#website\"},\"datePublished\":\"2023-01-25T09:11:21+00:00\",\"dateModified\":\"2024-03-05T12:20:22+00:00\",\"description\":\"Zarz\u0105d Ko\u0142a nr 8 w Ko\u0144skich\",\"breadcrumb\":{\"@id\":\"https:\/\/zeirpkielce.pl\/index.php\/kola-powiatowe\/konskie\/#breadcrumb\"},\"inLanguage\":\"pl-PL\",\"potentialAction\":[{\"@type\":\"ReadAction\",\"target\":[\"https:\/\/zeirpkielce.pl\/index.php\/kola-powiatowe\/konskie\/\"]}]},{\"@type\":\"BreadcrumbList\",\"@id\":\"https:\/\/zeirpkielce.pl\/index.php\/kola-powiatowe\/konskie\/#breadcrumb\",\"itemListElement\":[{\"@type\":\"ListItem\",\"position\":1,\"name\":\"Strona g\u0142\u00f3wna\",\"item\":\"https:\/\/zeirpkielce.pl\/\"},{\"@type\":\"ListItem\",\"position\":2,\"name\":\"Ko\u0142a Powiatowe\",\"item\":\"https:\/\/zeirpkielce.pl\/index.php\/kola-powiatowe\/\"},{\"@type\":\"ListItem\",\"position\":3,\"name\":\"Ko\u0144skie\"}]},{\"@type\":\"WebSite\",\"@id\":\"https:\/\/zeirpkielce.pl\/#website\",\"url\":\"https:\/\/zeirpkielce.pl\/\",\"name\":\"Zwi\u0105zek Emeryt\u00f3w i Rencist\u00f3w Po\u017carnictwa RP Oddzia\u0142 \u015awi\u0119tokrzyski\",\"description\":\"\",\"publisher\":{\"@id\":\"https:\/\/zeirpkielce.pl\/#organization\"},\"potentialAction\":[{\"@type\":\"SearchAction\",\"target\":{\"@type\":\"EntryPoint\",\"urlTemplate\":\"https:\/\/zeirpkielce.pl\/?s={search_term_string}\"},\"query-input\":\"required name=search_term_string\"}],\"inLanguage\":\"pl-PL\"},{\"@type\":\"Organization\",\"@id\":\"https:\/\/zeirpkielce.pl\/#organization\",\"name\":\"Zwi\u0105zek Emeryt\u00f3w i Rencist\u00f3w Po\u017carnictwa RP Oddzia\u0142 \u015awi\u0119tokrzyski\",\"url\":\"https:\/\/zeirpkielce.pl\/\",\"logo\":{\"@type\":\"ImageObject\",\"inLanguage\":\"pl-PL\",\"@id\":\"https:\/\/zeirpkielce.pl\/#\/schema\/logo\/image\/\",\"url\":\"https:\/\/zeirpkielce.pl\/wp-content\/uploads\/2022\/12\/cropped-zeirprplogo.png\",\"contentUrl\":\"https:\/\/zeirpkielce.pl\/wp-content\/uploads\/2022\/12\/cropped-zeirprplogo.png\",\"width\":248,\"height\":248,\"caption\":\"Zwi\u0105zek Emeryt\u00f3w i Rencist\u00f3w Po\u017carnictwa RP Oddzia\u0142 \u015awi\u0119tokrzyski\"},\"image\":{\"@id\":\"https:\/\/zeirpkielce.pl\/#\/schema\/logo\/image\/\"}}]}<\/script>\n<!-- \/ Yoast SEO plugin. -->","yoast_head_json":{"title":"Ko\u0144skie - Zwi\u0105zek Emeryt\u00f3w i Rencist\u00f3w Po\u017carnictwa RP Oddzia\u0142 \u015awi\u0119tokrzyski","description":"Zarz\u0105d Ko\u0142a nr 8 w Ko\u0144skich","robots":{"index":"index","follow":"follow","max-snippet":"max-snippet:-1","max-image-preview":"max-image-preview:large","max-video-preview":"max-video-preview:-1"},"canonical":"https:\/\/zeirpkielce.pl\/index.php\/kola-powiatowe\/konskie\/","og_locale":"pl_PL","og_type":"article","og_title":"Ko\u0144skie - Zwi\u0105zek Emeryt\u00f3w i Rencist\u00f3w Po\u017carnictwa RP Oddzia\u0142 \u015awi\u0119tokrzyski","og_description":"Zarz\u0105d Ko\u0142a nr 8 w Ko\u0144skich","og_url":"https:\/\/zeirpkielce.pl\/index.php\/kola-powiatowe\/konskie\/","og_site_name":"Zwi\u0105zek Emeryt\u00f3w i Rencist\u00f3w Po\u017carnictwa RP Oddzia\u0142 \u015awi\u0119tokrzyski","article_modified_time":"2024-03-05T12:20:22+00:00","og_image":[{"url":"https:\/\/zeirpkielce.pl\/wp-content\/uploads\/2023\/01\/konskie-878x1024.png"}],"twitter_card":"summary_large_image","twitter_misc":{"Szacowany czas czytania":"1 minuta"},"schema":{"@context":"https:\/\/schema.org","@graph":[{"@type":"WebPage","@id":"https:\/\/zeirpkielce.pl\/index.php\/kola-powiatowe\/konskie\/","url":"https:\/\/zeirpkielce.pl\/index.php\/kola-powiatowe\/konskie\/","name":"Ko\u0144skie - Zwi\u0105zek Emeryt\u00f3w i Rencist\u00f3w Po\u017carnictwa RP Oddzia\u0142 \u015awi\u0119tokrzyski","isPartOf":{"@id":"https:\/\/zeirpkielce.pl\/#website"},"datePublished":"2023-01-25T09:11:21+00:00","dateModified":"2024-03-05T12:20:22+00:00","description":"Zarz\u0105d Ko\u0142a nr 8 w Ko\u0144skich","breadcrumb":{"@id":"https:\/\/zeirpkielce.pl\/index.php\/kola-powiatowe\/konskie\/#breadcrumb"},"inLanguage":"pl-PL","potentialAction":[{"@type":"ReadAction","target":["https:\/\/zeirpkielce.pl\/index.php\/kola-powiatowe\/konskie\/"]}]},{"@type":"BreadcrumbList","@id":"https:\/\/zeirpkielce.pl\/index.php\/kola-powiatowe\/konskie\/#breadcrumb","itemListElement":[{"@type":"ListItem","position":1,"name":"Strona g\u0142\u00f3wna","item":"https:\/\/zeirpkielce.pl\/"},{"@type":"ListItem","position":2,"name":"Ko\u0142a Powiatowe","item":"https:\/\/zeirpkielce.pl\/index.php\/kola-powiatowe\/"},{"@type":"ListItem","position":3,"name":"Ko\u0144skie"}]},{"@type":"WebSite","@id":"https:\/\/zeirpkielce.pl\/#website","url":"https:\/\/zeirpkielce.pl\/","name":"Zwi\u0105zek Emeryt\u00f3w i Rencist\u00f3w Po\u017carnictwa RP Oddzia\u0142 \u015awi\u0119tokrzyski","description":"","publisher":{"@id":"https:\/\/zeirpkielce.pl\/#organization"},"potentialAction":[{"@type":"SearchAction","target":{"@type":"EntryPoint","urlTemplate":"https:\/\/zeirpkielce.pl\/?s={search_term_string}"},"query-input":"required name=search_term_string"}],"inLanguage":"pl-PL"},{"@type":"Organization","@id":"https:\/\/zeirpkielce.pl\/#organization","name":"Zwi\u0105zek Emeryt\u00f3w i Rencist\u00f3w Po\u017carnictwa RP Oddzia\u0142 \u015awi\u0119tokrzyski","url":"https:\/\/zeirpkielce.pl\/","logo":{"@type":"ImageObject","inLanguage":"pl-PL","@id":"https:\/\/zeirpkielce.pl\/#\/schema\/logo\/image\/","url":"https:\/\/zeirpkielce.pl\/wp-content\/uploads\/2022\/12\/cropped-zeirprplogo.png","contentUrl":"https:\/\/zeirpkielce.pl\/wp-content\/uploads\/2022\/12\/cropped-zeirprplogo.png","width":248,"height":248,"caption":"Zwi\u0105zek Emeryt\u00f3w i Rencist\u00f3w Po\u017carnictwa RP Oddzia\u0142 \u015awi\u0119tokrzyski"},"image":{"@id":"https:\/\/zeirpkielce.pl\/#\/schema\/logo\/image\/"}}]}},"_links":{"self":[{"href":"https:\/\/zeirpkielce.pl\/index.php\/wp-json\/wp\/v2\/pages\/329","targetHints":{"allow":["GET"]}}],"collection":[{"href":"https:\/\/zeirpkielce.pl\/index.php\/wp-json\/wp\/v2\/pages"}],"about":[{"href":"https:\/\/zeirpkielce.pl\/index.php\/wp-json\/wp\/v2\/types\/page"}],"author":[{"embeddable":true,"href":"https:\/\/zeirpkielce.pl\/index.php\/wp-json\/wp\/v2\/users\/1"}],"replies":[{"embeddable":true,"href":"https:\/\/zeirpkielce.pl\/index.php\/wp-json\/wp\/v2\/comments?post=329"}],"version-history":[{"count":5,"href":"https:\/\/zeirpkielce.pl\/index.php\/wp-json\/wp\/v2\/pages\/329\/revisions"}],"predecessor-version":[{"id":557,"href":"https:\/\/zeirpkielce.pl\/index.php\/wp-json\/wp\/v2\/pages\/329\/revisions\/557"}],"up":[{"embeddable":true,"href":"https:\/\/zeirpkielce.pl\/index.php\/wp-json\/wp\/v2\/pages\/102"}],"wp:attachment":[{"href":"https:\/\/zeirpkielce.pl\/index.php\/wp-json\/wp\/v2\/media?parent=329"}],"curies":[{"name":"wp","href":"https:\/\/api.w.org\/{rel}","templated":true}]}}

Końskie

<p class="has-x-large-font-size"><strong>Zarząd Koła nr 8 w Końskich</strong></p>



<hr class="wp-block-separator has-alpha-channel-opacity"/>



<p class="has-text-align-center"><strong>26-200 Końskie, ul. Strażacka 14</strong><br><strong>e-mail</strong>: <a href="mailto:konskie@zeirpkielce.pl">konskie@zeirpkielce.pl</a></p>



<hr class="wp-block-separator has-alpha-channel-opacity"/>



<div class="wp-block-media-text alignwide is-stacked-on-mobile" style="grid-template-columns:24% auto"><figure class="wp-block-media-text__media"><img loading="lazy" decoding="async" width="878" height="1024" src="https://zeirpkielce.pl/wp-content/uploads/2023/01/konskie-878x1024.png" alt="" class="wp-image-376 size-full" srcset="https://zeirpkielce.pl/wp-content/uploads/2023/01/konskie-878x1024.png 878w, https://zeirpkielce.pl/wp-content/uploads/2023/01/konskie-257x300.png 257w, https://zeirpkielce.pl/wp-content/uploads/2023/01/konskie-768x896.png 768w, https://zeirpkielce.pl/wp-content/uploads/2023/01/konskie.png 1200w" sizes="auto, (max-width: 878px) 100vw, 878px" /></figure><div class="wp-block-media-text__content">
<p><strong>Prezes – </strong>Jan Chrabąszcz<br><strong>V-ce</strong> <strong>Prezes – </strong>Krzysztof Grzegorczyk<br><strong>Sekretarz – </strong>Kazimierz Kuleta<br><strong>Skarbnik – </strong>Tadeusz Nowakowski<br><strong>Przew. Komisji Rewiz. – </strong>Bogdan Ciaś</p>
</div></div>



<hr class="wp-block-separator has-alpha-channel-opacity"/>



<p><strong>Przedstawiciel Koła w Zarządzie Oddziału Wojewódzkiego</strong> <strong>–</strong> Jan Chrabąszcz</p>

<p>Zarząd Koła nr 8 w Końskich 26-200 Końskie, ul. Strażacka 14e-mail: konskie@zeirpkielce.pl Prezes – Jan ChrabąszczV-ce Prezes – Krzysztof GrzegorczykSekretarz – Kazimierz KuletaSkarbnik – Tadeusz NowakowskiPrzew. Komisji Rewiz. – Bogdan Ciaś Przedstawiciel Koła w Zarządzie Oddziału Wojewódzkiego – Jan Chrabąszcz</p>

<!-- This site is optimized with the Yoast SEO plugin v21.7 - https://yoast.com/wordpress/plugins/seo/ -->
<title>Końskie - Związek Emerytów i Rencistów Pożarnictwa RP Oddział Świętokrzyski</title>
<meta name="description" content="Zarząd Koła nr 8 w Końskich" />
<meta name="robots" content="index, follow, max-snippet:-1, max-image-preview:large, max-video-preview:-1" />
<link rel="canonical" href="https://zeirpkielce.pl/index.php/kola-powiatowe/konskie/" />
<meta property="og:locale" content="pl_PL" />
<meta property="og:type" content="article" />
<meta property="og:title" content="Końskie - Związek Emerytów i Rencistów Pożarnictwa RP Oddział Świętokrzyski" />
<meta property="og:description" content="Zarząd Koła nr 8 w Końskich" />
<meta property="og:url" content="https://zeirpkielce.pl/index.php/kola-powiatowe/konskie/" />
<meta property="og:site_name" content="Związek Emerytów i Rencistów Pożarnictwa RP Oddział Świętokrzyski" />
<meta property="article:modified_time" content="2024-03-05T12:20:22+00:00" />
<meta property="og:image" content="https://zeirpkielce.pl/wp-content/uploads/2023/01/konskie-878x1024.png" />
<meta name="twitter:card" content="summary_large_image" />
<meta name="twitter:label1" content="Szacowany czas czytania" />
	<meta name="twitter:data1" content="1 minuta" />
<script type="application/ld+json" class="yoast-schema-graph">{"@context":"https://schema.org","@graph":[{"@type":"WebPage","@id":"https://zeirpkielce.pl/index.php/kola-powiatowe/konskie/","url":"https://zeirpkielce.pl/index.php/kola-powiatowe/konskie/","name":"Końskie - Związek Emerytów i Rencistów Pożarnictwa RP Oddział Świętokrzyski","isPartOf":{"@id":"https://zeirpkielce.pl/#website"},"datePublished":"2023-01-25T09:11:21+00:00","dateModified":"2024-03-05T12:20:22+00:00","description":"Zarząd Koła nr 8 w Końskich","breadcrumb":{"@id":"https://zeirpkielce.pl/index.php/kola-powiatowe/konskie/#breadcrumb"},"inLanguage":"pl-PL","potentialAction":[{"@type":"ReadAction","target":["https://zeirpkielce.pl/index.php/kola-powiatowe/konskie/"]}]},{"@type":"BreadcrumbList","@id":"https://zeirpkielce.pl/index.php/kola-powiatowe/konskie/#breadcrumb","itemListElement":[{"@type":"ListItem","position":1,"name":"Strona główna","item":"https://zeirpkielce.pl/"},{"@type":"ListItem","position":2,"name":"Koła Powiatowe","item":"https://zeirpkielce.pl/index.php/kola-powiatowe/"},{"@type":"ListItem","position":3,"name":"Końskie"}]},{"@type":"WebSite","@id":"https://zeirpkielce.pl/#website","url":"https://zeirpkielce.pl/","name":"Związek Emerytów i Rencistów Pożarnictwa RP Oddział Świętokrzyski","description":"","publisher":{"@id":"https://zeirpkielce.pl/#organization"},"potentialAction":[{"@type":"SearchAction","target":{"@type":"EntryPoint","urlTemplate":"https://zeirpkielce.pl/?s={search_term_string}"},"query-input":"required name=search_term_string"}],"inLanguage":"pl-PL"},{"@type":"Organization","@id":"https://zeirpkielce.pl/#organization","name":"Związek Emerytów i Rencistów Pożarnictwa RP Oddział Świętokrzyski","url":"https://zeirpkielce.pl/","logo":{"@type":"ImageObject","inLanguage":"pl-PL","@id":"https://zeirpkielce.pl/#/schema/logo/image/","url":"https://zeirpkielce.pl/wp-content/uploads/2022/12/cropped-zeirprplogo.png","contentUrl":"https://zeirpkielce.pl/wp-content/uploads/2022/12/cropped-zeirprplogo.png","width":248,"height":248,"caption":"Związek Emerytów i Rencistów Pożarnictwa RP Oddział Świętokrzyski"},"image":{"@id":"https://zeirpkielce.pl/#/schema/logo/image/"}}]}</script>
<!-- / Yoast SEO plugin. -->

Końskie - Związek Emerytów i Rencistów Pożarnictwa RP Oddział Świętokrzyski

Zarząd Koła nr 8 w Końskich

Związek Emerytów i Rencistów Pożarnictwa RP Oddział Świętokrzyski

Strona główna

Koła Powiatowe
