{"id":104,"date":"2022-12-21T15:14:47","date_gmt":"2022-12-21T14:14:47","guid":{"rendered":"https:\/\/zeirpkielce.pl\/?page_id=104"},"modified":"2024-01-17T13:13:50","modified_gmt":"2024-01-17T12:13:50","slug":"linki","status":"publish","type":"page","link":"https:\/\/zeirpkielce.pl\/index.php\/linki\/","title":{"rendered":"Linki"},"content":{"rendered":"\n<ul class=\"wp-block-list\">\n<li><a href=\"http:\/\/zgzeirp.pl\">Zarz\u0105d G\u0142\u00f3wny ZEiRP RP<\/a><\/li>\n\n\n\n<li><a href=\"http:\/\/www.fssm.pl\">Federacja Stowarzysze\u0144 S\u0142u\u017cb Mundurowych<\/a><\/li>\n\n\n\n<li><a href=\"https:\/\/www.gov.pl\/web\/kgpsp\/\">Komenda G\u0142\u00f3wna Pa\u0144stwowej Stra\u017cy Po\u017carnej<\/a><\/li>\n\n\n\n<li><a href=\"https:\/\/www.gov.pl\/web\/kwpsp-kielce\">Komenda Wojew\u00f3dzka Pa\u0144stwowej Stra\u017cy Po\u017carnej w Kielcach<\/a><\/li>\n\n\n\n<li><a href=\"http:\/\/www.zer.msw.gov.pl\">Zak\u0142ad Emerytalno \u2013 Rentowy Ministerstwa Spraw Wewn\u0119trznych<\/a><\/li>\n\n\n\n<li><a href=\"http:\/\/www.zosprp.pl\">Zwi\u0105zek Ochotniczych Stra\u017cy Po\u017carnych RP<\/a><\/li>\n\n\n\n<li><a href=\"http:\/\/www.sejm.gov.pl\">Sejm RP<\/a><\/li>\n\n\n\n<li><a href=\"http:\/\/www.ppoz.pl\">Przegl\u0105d Po\u017carniczy<\/a><\/li>\n\n\n\n<li><a href=\"http:\/\/www.strazak.org.pl\">Stra\u017cak<\/a><\/li>\n\n\n\n<li><a href=\"http:\/\/superstarsi.pl\">Superstarsi<\/a><\/li>\n<\/ul>\n","protected":false},"excerpt":{"rendered":"","protected":false},"author":1,"featured_media":0,"parent":0,"menu_order":0,"comment_status":"closed","ping_status":"closed","template":"","meta":{"footnotes":""},"class_list":["post-104","page","type-page","status-publish","hentry"],"yoast_head":"<!-- This site is optimized with the Yoast SEO plugin v21.7 - https:\/\/yoast.com\/wordpress\/plugins\/seo\/ -->\n<title>Linki - Zwi\u0105zek Emeryt\u00f3w i Rencist\u00f3w Po\u017carnictwa RP Oddzia\u0142 \u015awi\u0119tokrzyski<\/title>\n<meta name=\"robots\" content=\"index, follow, max-snippet:-1, max-image-preview:large, max-video-preview:-1\" \/>\n<link rel=\"canonical\" href=\"https:\/\/zeirpkielce.pl\/index.php\/linki\/\" \/>\n<meta property=\"og:locale\" content=\"pl_PL\" \/>\n<meta property=\"og:type\" content=\"article\" \/>\n<meta property=\"og:title\" content=\"Linki - Zwi\u0105zek Emeryt\u00f3w i Rencist\u00f3w Po\u017carnictwa RP Oddzia\u0142 \u015awi\u0119tokrzyski\" \/>\n<meta property=\"og:url\" content=\"https:\/\/zeirpkielce.pl\/index.php\/linki\/\" \/>\n<meta property=\"og:site_name\" content=\"Zwi\u0105zek Emeryt\u00f3w i Rencist\u00f3w Po\u017carnictwa RP Oddzia\u0142 \u015awi\u0119tokrzyski\" \/>\n<meta property=\"article:modified_time\" content=\"2024-01-17T12:13:50+00:00\" \/>\n<meta name=\"twitter:card\" content=\"summary_large_image\" \/>\n<meta name=\"twitter:label1\" content=\"Szacowany czas czytania\" \/>\n\t<meta name=\"twitter:data1\" content=\"1 minuta\" \/>\n<script type=\"application\/ld+json\" class=\"yoast-schema-graph\">{\"@context\":\"https:\/\/schema.org\",\"@graph\":[{\"@type\":\"WebPage\",\"@id\":\"https:\/\/zeirpkielce.pl\/index.php\/linki\/\",\"url\":\"https:\/\/zeirpkielce.pl\/index.php\/linki\/\",\"name\":\"Linki - Zwi\u0105zek Emeryt\u00f3w i Rencist\u00f3w Po\u017carnictwa RP Oddzia\u0142 \u015awi\u0119tokrzyski\",\"isPartOf\":{\"@id\":\"https:\/\/zeirpkielce.pl\/#website\"},\"datePublished\":\"2022-12-21T14:14:47+00:00\",\"dateModified\":\"2024-01-17T12:13:50+00:00\",\"breadcrumb\":{\"@id\":\"https:\/\/zeirpkielce.pl\/index.php\/linki\/#breadcrumb\"},\"inLanguage\":\"pl-PL\",\"potentialAction\":[{\"@type\":\"ReadAction\",\"target\":[\"https:\/\/zeirpkielce.pl\/index.php\/linki\/\"]}]},{\"@type\":\"BreadcrumbList\",\"@id\":\"https:\/\/zeirpkielce.pl\/index.php\/linki\/#breadcrumb\",\"itemListElement\":[{\"@type\":\"ListItem\",\"position\":1,\"name\":\"Strona g\u0142\u00f3wna\",\"item\":\"https:\/\/zeirpkielce.pl\/\"},{\"@type\":\"ListItem\",\"position\":2,\"name\":\"Linki\"}]},{\"@type\":\"WebSite\",\"@id\":\"https:\/\/zeirpkielce.pl\/#website\",\"url\":\"https:\/\/zeirpkielce.pl\/\",\"name\":\"Zwi\u0105zek Emeryt\u00f3w i Rencist\u00f3w Po\u017carnictwa RP Oddzia\u0142 \u015awi\u0119tokrzyski\",\"description\":\"\",\"publisher\":{\"@id\":\"https:\/\/zeirpkielce.pl\/#organization\"},\"potentialAction\":[{\"@type\":\"SearchAction\",\"target\":{\"@type\":\"EntryPoint\",\"urlTemplate\":\"https:\/\/zeirpkielce.pl\/?s={search_term_string}\"},\"query-input\":\"required name=search_term_string\"}],\"inLanguage\":\"pl-PL\"},{\"@type\":\"Organization\",\"@id\":\"https:\/\/zeirpkielce.pl\/#organization\",\"name\":\"Zwi\u0105zek Emeryt\u00f3w i Rencist\u00f3w Po\u017carnictwa RP Oddzia\u0142 \u015awi\u0119tokrzyski\",\"url\":\"https:\/\/zeirpkielce.pl\/\",\"logo\":{\"@type\":\"ImageObject\",\"inLanguage\":\"pl-PL\",\"@id\":\"https:\/\/zeirpkielce.pl\/#\/schema\/logo\/image\/\",\"url\":\"https:\/\/zeirpkielce.pl\/wp-content\/uploads\/2022\/12\/cropped-zeirprplogo.png\",\"contentUrl\":\"https:\/\/zeirpkielce.pl\/wp-content\/uploads\/2022\/12\/cropped-zeirprplogo.png\",\"width\":248,\"height\":248,\"caption\":\"Zwi\u0105zek Emeryt\u00f3w i Rencist\u00f3w Po\u017carnictwa RP Oddzia\u0142 \u015awi\u0119tokrzyski\"},\"image\":{\"@id\":\"https:\/\/zeirpkielce.pl\/#\/schema\/logo\/image\/\"}}]}<\/script>\n<!-- \/ Yoast SEO plugin. -->","yoast_head_json":{"title":"Linki - Zwi\u0105zek Emeryt\u00f3w i Rencist\u00f3w Po\u017carnictwa RP Oddzia\u0142 \u015awi\u0119tokrzyski","robots":{"index":"index","follow":"follow","max-snippet":"max-snippet:-1","max-image-preview":"max-image-preview:large","max-video-preview":"max-video-preview:-1"},"canonical":"https:\/\/zeirpkielce.pl\/index.php\/linki\/","og_locale":"pl_PL","og_type":"article","og_title":"Linki - Zwi\u0105zek Emeryt\u00f3w i Rencist\u00f3w Po\u017carnictwa RP Oddzia\u0142 \u015awi\u0119tokrzyski","og_url":"https:\/\/zeirpkielce.pl\/index.php\/linki\/","og_site_name":"Zwi\u0105zek Emeryt\u00f3w i Rencist\u00f3w Po\u017carnictwa RP Oddzia\u0142 \u015awi\u0119tokrzyski","article_modified_time":"2024-01-17T12:13:50+00:00","twitter_card":"summary_large_image","twitter_misc":{"Szacowany czas czytania":"1 minuta"},"schema":{"@context":"https:\/\/schema.org","@graph":[{"@type":"WebPage","@id":"https:\/\/zeirpkielce.pl\/index.php\/linki\/","url":"https:\/\/zeirpkielce.pl\/index.php\/linki\/","name":"Linki - Zwi\u0105zek Emeryt\u00f3w i Rencist\u00f3w Po\u017carnictwa RP Oddzia\u0142 \u015awi\u0119tokrzyski","isPartOf":{"@id":"https:\/\/zeirpkielce.pl\/#website"},"datePublished":"2022-12-21T14:14:47+00:00","dateModified":"2024-01-17T12:13:50+00:00","breadcrumb":{"@id":"https:\/\/zeirpkielce.pl\/index.php\/linki\/#breadcrumb"},"inLanguage":"pl-PL","potentialAction":[{"@type":"ReadAction","target":["https:\/\/zeirpkielce.pl\/index.php\/linki\/"]}]},{"@type":"BreadcrumbList","@id":"https:\/\/zeirpkielce.pl\/index.php\/linki\/#breadcrumb","itemListElement":[{"@type":"ListItem","position":1,"name":"Strona g\u0142\u00f3wna","item":"https:\/\/zeirpkielce.pl\/"},{"@type":"ListItem","position":2,"name":"Linki"}]},{"@type":"WebSite","@id":"https:\/\/zeirpkielce.pl\/#website","url":"https:\/\/zeirpkielce.pl\/","name":"Zwi\u0105zek Emeryt\u00f3w i Rencist\u00f3w Po\u017carnictwa RP Oddzia\u0142 \u015awi\u0119tokrzyski","description":"","publisher":{"@id":"https:\/\/zeirpkielce.pl\/#organization"},"potentialAction":[{"@type":"SearchAction","target":{"@type":"EntryPoint","urlTemplate":"https:\/\/zeirpkielce.pl\/?s={search_term_string}"},"query-input":"required name=search_term_string"}],"inLanguage":"pl-PL"},{"@type":"Organization","@id":"https:\/\/zeirpkielce.pl\/#organization","name":"Zwi\u0105zek Emeryt\u00f3w i Rencist\u00f3w Po\u017carnictwa RP Oddzia\u0142 \u015awi\u0119tokrzyski","url":"https:\/\/zeirpkielce.pl\/","logo":{"@type":"ImageObject","inLanguage":"pl-PL","@id":"https:\/\/zeirpkielce.pl\/#\/schema\/logo\/image\/","url":"https:\/\/zeirpkielce.pl\/wp-content\/uploads\/2022\/12\/cropped-zeirprplogo.png","contentUrl":"https:\/\/zeirpkielce.pl\/wp-content\/uploads\/2022\/12\/cropped-zeirprplogo.png","width":248,"height":248,"caption":"Zwi\u0105zek Emeryt\u00f3w i Rencist\u00f3w Po\u017carnictwa RP Oddzia\u0142 \u015awi\u0119tokrzyski"},"image":{"@id":"https:\/\/zeirpkielce.pl\/#\/schema\/logo\/image\/"}}]}},"_links":{"self":[{"href":"https:\/\/zeirpkielce.pl\/index.php\/wp-json\/wp\/v2\/pages\/104","targetHints":{"allow":["GET"]}}],"collection":[{"href":"https:\/\/zeirpkielce.pl\/index.php\/wp-json\/wp\/v2\/pages"}],"about":[{"href":"https:\/\/zeirpkielce.pl\/index.php\/wp-json\/wp\/v2\/types\/page"}],"author":[{"embeddable":true,"href":"https:\/\/zeirpkielce.pl\/index.php\/wp-json\/wp\/v2\/users\/1"}],"replies":[{"embeddable":true,"href":"https:\/\/zeirpkielce.pl\/index.php\/wp-json\/wp\/v2\/comments?post=104"}],"version-history":[{"count":3,"href":"https:\/\/zeirpkielce.pl\/index.php\/wp-json\/wp\/v2\/pages\/104\/revisions"}],"predecessor-version":[{"id":503,"href":"https:\/\/zeirpkielce.pl\/index.php\/wp-json\/wp\/v2\/pages\/104\/revisions\/503"}],"wp:attachment":[{"href":"https:\/\/zeirpkielce.pl\/index.php\/wp-json\/wp\/v2\/media?parent=104"}],"curies":[{"name":"wp","href":"https:\/\/api.w.org\/{rel}","templated":true}]}}

<ul class="wp-block-list">
<li><a href="http://zgzeirp.pl">Zarząd Główny ZEiRP RP</a></li>



<li><a href="http://www.fssm.pl">Federacja Stowarzyszeń Służb Mundurowych</a></li>



<li><a href="https://www.gov.pl/web/kgpsp/">Komenda Główna Państwowej Straży Pożarnej</a></li>



<li><a href="https://www.gov.pl/web/kwpsp-kielce">Komenda Wojewódzka Państwowej Straży Pożarnej w Kielcach</a></li>



<li><a href="http://www.zer.msw.gov.pl">Zakład Emerytalno – Rentowy Ministerstwa Spraw Wewnętrznych</a></li>



<li><a href="http://www.zosprp.pl">Związek Ochotniczych Straży Pożarnych RP</a></li>



<li><a href="http://www.sejm.gov.pl">Sejm RP</a></li>



<li><a href="http://www.ppoz.pl">Przegląd Pożarniczy</a></li>



<li><a href="http://www.strazak.org.pl">Strażak</a></li>



<li><a href="http://superstarsi.pl">Superstarsi</a></li>
</ul>

<!-- This site is optimized with the Yoast SEO plugin v21.7 - https://yoast.com/wordpress/plugins/seo/ -->
<title>Linki - Związek Emerytów i Rencistów Pożarnictwa RP Oddział Świętokrzyski</title>
<meta name="robots" content="index, follow, max-snippet:-1, max-image-preview:large, max-video-preview:-1" />
<link rel="canonical" href="https://zeirpkielce.pl/index.php/linki/" />
<meta property="og:locale" content="pl_PL" />
<meta property="og:type" content="article" />
<meta property="og:title" content="Linki - Związek Emerytów i Rencistów Pożarnictwa RP Oddział Świętokrzyski" />
<meta property="og:url" content="https://zeirpkielce.pl/index.php/linki/" />
<meta property="og:site_name" content="Związek Emerytów i Rencistów Pożarnictwa RP Oddział Świętokrzyski" />
<meta property="article:modified_time" content="2024-01-17T12:13:50+00:00" />
<meta name="twitter:card" content="summary_large_image" />
<meta name="twitter:label1" content="Szacowany czas czytania" />
	<meta name="twitter:data1" content="1 minuta" />
<script type="application/ld+json" class="yoast-schema-graph">{"@context":"https://schema.org","@graph":[{"@type":"WebPage","@id":"https://zeirpkielce.pl/index.php/linki/","url":"https://zeirpkielce.pl/index.php/linki/","name":"Linki - Związek Emerytów i Rencistów Pożarnictwa RP Oddział Świętokrzyski","isPartOf":{"@id":"https://zeirpkielce.pl/#website"},"datePublished":"2022-12-21T14:14:47+00:00","dateModified":"2024-01-17T12:13:50+00:00","breadcrumb":{"@id":"https://zeirpkielce.pl/index.php/linki/#breadcrumb"},"inLanguage":"pl-PL","potentialAction":[{"@type":"ReadAction","target":["https://zeirpkielce.pl/index.php/linki/"]}]},{"@type":"BreadcrumbList","@id":"https://zeirpkielce.pl/index.php/linki/#breadcrumb","itemListElement":[{"@type":"ListItem","position":1,"name":"Strona główna","item":"https://zeirpkielce.pl/"},{"@type":"ListItem","position":2,"name":"Linki"}]},{"@type":"WebSite","@id":"https://zeirpkielce.pl/#website","url":"https://zeirpkielce.pl/","name":"Związek Emerytów i Rencistów Pożarnictwa RP Oddział Świętokrzyski","description":"","publisher":{"@id":"https://zeirpkielce.pl/#organization"},"potentialAction":[{"@type":"SearchAction","target":{"@type":"EntryPoint","urlTemplate":"https://zeirpkielce.pl/?s={search_term_string}"},"query-input":"required name=search_term_string"}],"inLanguage":"pl-PL"},{"@type":"Organization","@id":"https://zeirpkielce.pl/#organization","name":"Związek Emerytów i Rencistów Pożarnictwa RP Oddział Świętokrzyski","url":"https://zeirpkielce.pl/","logo":{"@type":"ImageObject","inLanguage":"pl-PL","@id":"https://zeirpkielce.pl/#/schema/logo/image/","url":"https://zeirpkielce.pl/wp-content/uploads/2022/12/cropped-zeirprplogo.png","contentUrl":"https://zeirpkielce.pl/wp-content/uploads/2022/12/cropped-zeirprplogo.png","width":248,"height":248,"caption":"Związek Emerytów i Rencistów Pożarnictwa RP Oddział Świętokrzyski"},"image":{"@id":"https://zeirpkielce.pl/#/schema/logo/image/"}}]}</script>
<!-- / Yoast SEO plugin. -->

Linki - Związek Emerytów i Rencistów Pożarnictwa RP Oddział Świętokrzyski

Związek Emerytów i Rencistów Pożarnictwa RP Oddział Świętokrzyski

Strona główna
