{"version":"1.0","provider_name":"Zwi\u0105zek Emeryt\u00f3w i Rencist\u00f3w Po\u017carnictwa RP Oddzia\u0142 \u015awi\u0119tokrzyski","provider_url":"https:\/\/zeirpkielce.pl","author_name":"admin","author_url":"https:\/\/zeirpkielce.pl\/index.php\/author\/admin\/","title":"III Plenarne posiedzenie Zarz\u0105du - Zwi\u0105zek Emeryt\u00f3w i Rencist\u00f3w Po\u017carnictwa RP Oddzia\u0142 \u015awi\u0119tokrzyski","type":"rich","width":600,"height":338,"html":"<blockquote class=\"wp-embedded-content\" data-secret=\"T4gse54rCo\"><a href=\"https:\/\/zeirpkielce.pl\/index.php\/2020\/08\/11\/iii-plenarne-posiedzenie-zarzadu\/\">III Plenarne posiedzenie Zarz\u0105du<\/a><\/blockquote><iframe sandbox=\"allow-scripts\" security=\"restricted\" src=\"https:\/\/zeirpkielce.pl\/index.php\/2020\/08\/11\/iii-plenarne-posiedzenie-zarzadu\/embed\/#?secret=T4gse54rCo\" width=\"600\" height=\"338\" title=\"&#8222;III Plenarne posiedzenie Zarz\u0105du&#8221; &#8212; Zwi\u0105zek Emeryt\u00f3w i Rencist\u00f3w Po\u017carnictwa RP Oddzia\u0142 \u015awi\u0119tokrzyski\" data-secret=\"T4gse54rCo\" frameborder=\"0\" marginwidth=\"0\" marginheight=\"0\" scrolling=\"no\" class=\"wp-embedded-content\"><\/iframe><script>\n\/*! This file is auto-generated *\/\n!function(d,l){\"use strict\";l.querySelector&&d.addEventListener&&\"undefined\"!=typeof URL&&(d.wp=d.wp||{},d.wp.receiveEmbedMessage||(d.wp.receiveEmbedMessage=function(e){var t=e.data;if((t||t.secret||t.message||t.value)&&!\/[^a-zA-Z0-9]\/.test(t.secret)){for(var s,r,n,a=l.querySelectorAll('iframe[data-secret=\"'+t.secret+'\"]'),o=l.querySelectorAll('blockquote[data-secret=\"'+t.secret+'\"]'),c=new RegExp(\"^https?:$\",\"i\"),i=0;i<o.length;i++)o[i].style.display=\"none\";for(i=0;i<a.length;i++)s=a[i],e.source===s.contentWindow&&(s.removeAttribute(\"style\"),\"height\"===t.message?(1e3<(r=parseInt(t.value,10))?r=1e3:~~r<200&&(r=200),s.height=r):\"link\"===t.message&&(r=new URL(s.getAttribute(\"src\")),n=new URL(t.value),c.test(n.protocol))&&n.host===r.host&&l.activeElement===s&&(d.top.location.href=t.value))}},d.addEventListener(\"message\",d.wp.receiveEmbedMessage,!1),l.addEventListener(\"DOMContentLoaded\",function(){for(var e,t,s=l.querySelectorAll(\"iframe.wp-embedded-content\"),r=0;r<s.length;r++)(t=(e=s[r]).getAttribute(\"data-secret\"))||(t=Math.random().toString(36).substring(2,12),e.src+=\"#?secret=\"+t,e.setAttribute(\"data-secret\",t)),e.contentWindow.postMessage({message:\"ready\",secret:t},\"*\")},!1)))}(window,document);\n\/\/# sourceURL=https:\/\/zeirpkielce.pl\/wp-includes\/js\/wp-embed.min.js\n<\/script>\n","thumbnail_url":"https:\/\/zeirpkielce.pl\/wp-content\/uploads\/2022\/12\/3_posiedzenie_Zarzadu.png","thumbnail_width":669,"thumbnail_height":498,"description":"W dniu 28 lipca br. odby\u0142o si\u0119 posiedzenie plenarne Oddzia\u0142u Wojew\u00f3dzkiego Zwi\u0105zku Emeryt\u00f3w i Rencist\u00f3w Po\u017carnictwa RP formie wideokonferencji w Komendzie Wojew\u00f3dzkiej PSP oraz w siedzibach Komend Powiatowych PSP. Podczas III posiedzenia zarz\u0105du w tej kadencji przekazano; oraz W spotkaniu udzia\u0142 wzi\u0119li cz\u0142onkowie Zarz\u0105du Wojew\u00f3dzkiego, Wojew\u00f3dzka Komisja Rewizyjna, Prezesi K\u00f3\u0142 oraz zaproszeni cz\u0142onkowie zarz\u0105d\u00f3w k\u00f3\u0142. &hellip; Czytaj dalej"}

Związek Emerytów i Rencistów Pożarnictwa RP Oddział Świętokrzyski

III Plenarne posiedzenie Zarządu - Związek Emerytów i Rencistów Pożarnictwa RP Oddział Świętokrzyski

<blockquote class="wp-embedded-content" data-secret="T4gse54rCo"><a href="https://zeirpkielce.pl/index.php/2020/08/11/iii-plenarne-posiedzenie-zarzadu/">III Plenarne posiedzenie Zarządu</a></blockquote><iframe sandbox="allow-scripts" security="restricted" src="https://zeirpkielce.pl/index.php/2020/08/11/iii-plenarne-posiedzenie-zarzadu/embed/#?secret=T4gse54rCo" width="600" height="338" title="&#8222;III Plenarne posiedzenie Zarządu&#8221; &#8212; Związek Emerytów i Rencistów Pożarnictwa RP Oddział Świętokrzyski" data-secret="T4gse54rCo" frameborder="0" marginwidth="0" marginheight="0" scrolling="no" class="wp-embedded-content"></iframe><script>
/*! This file is auto-generated */
!function(d,l){"use strict";l.querySelector&&d.addEventListener&&"undefined"!=typeof URL&&(d.wp=d.wp||{},d.wp.receiveEmbedMessage||(d.wp.receiveEmbedMessage=function(e){var t=e.data;if((t||t.secret||t.message||t.value)&&!/[^a-zA-Z0-9]/.test(t.secret)){for(var s,r,n,a=l.querySelectorAll('iframe[data-secret="'+t.secret+'"]'),o=l.querySelectorAll('blockquote[data-secret="'+t.secret+'"]'),c=new RegExp("^https?:$","i"),i=0;i<o.length;i++)o[i].style.display="none";for(i=0;i<a.length;i++)s=a[i],e.source===s.contentWindow&&(s.removeAttribute("style"),"height"===t.message?(1e3<(r=parseInt(t.value,10))?r=1e3:~~r<200&&(r=200),s.height=r):"link"===t.message&&(r=new URL(s.getAttribute("src")),n=new URL(t.value),c.test(n.protocol))&&n.host===r.host&&l.activeElement===s&&(d.top.location.href=t.value))}},d.addEventListener("message",d.wp.receiveEmbedMessage,!1),l.addEventListener("DOMContentLoaded",function(){for(var e,t,s=l.querySelectorAll("iframe.wp-embedded-content"),r=0;r<s.length;r++)(t=(e=s[r]).getAttribute("data-secret"))||(t=Math.random().toString(36).substring(2,12),e.src+="#?secret="+t,e.setAttribute("data-secret",t)),e.contentWindow.postMessage({message:"ready",secret:t},"*")},!1)))}(window,document);
//# sourceURL=https://zeirpkielce.pl/wp-includes/js/wp-embed.min.js
</script>

W dniu 28 lipca br. odbyło się posiedzenie plenarne Oddziału Wojewódzkiego Związku Emerytów i Rencistów Pożarnictwa RP formie wideokonferencji w Komendzie Wojewódzkiej PSP oraz w siedzibach Komend Powiatowych PSP. Podczas III posiedzenia zarządu w tej kadencji przekazano; oraz W spotkaniu udział wzięli członkowie Zarządu Wojewódzkiego, Wojewódzka Komisja Rewizyjna, Prezesi Kół oraz zaproszeni członkowie zarządów kół. &hellip; Czytaj dalej
